es 254 divide 8890?
True
Does 39 divide 60060?
True
Does 3 divide 2457?
True
Is 6251 a multiple of 47?
True
Is 374 a multiple of 17?
True
Is 34 a factor of 272?
True
Is 288 a multiple of 48?
True
Does 118 divide 11800?
True
Is 49 a factor of 1547?
False
Does 121 divide 9947?
False
Does 6 divide 5484?
True
Is 5 a factor of 9120?
True
Is 4 a factor of 7878?
False
Does 6 divide 246?
True
Does 65 divide 2097?
False
Does 16 divide 3302?
False
Is 50124 a multiple of 12?
True
Is 203 a multiple of 29?
True
Is 61 a factor of 183?
True
Is 29 a factor of 17168?
True
Is 33 a factor of 709?
False
Does 27 divide 13311?
True
Is 1888 a multiple of 8?
True
Is 9312 a multiple of 24?
True
Is 53 a factor of 2438?
True
Is 775 a multiple of 43?
False
Does 84 divide 19357?
False
Does 15 divide 765?
True
Does 8 divide 432?
True
Does 306 divide 26928?
True
Is 31 a factor of 1271?
True
Is 3 a factor of 257?
False
Is 83 a factor of 270?
False
Does 10 divide 3418?
False
Does 89 divide 132375?
False
Is 56 a factor of 4088?
True
Is 7 a factor of 459?
False
Does 39 divide 9009?
True
Is 101 a factor of 7575?
True
Is 2040 a multiple of 60?
True
Does 6 divide 306?
True
Is 8242 a multiple of 107?
False
Is 2145 a multiple of 33?
True
Does 32 divide 1440?
True
Is 190 a multiple of 2?
True
Is 273 a multiple of 13?
True
Is 30 a factor of 1774?
False
Is 6132 a multiple of 509?
False
Is 289 a multiple of 61?
False
Is 94 a multiple of 47?
True
Is 244 a multiple of 24?
False
Is 9 a factor of 606?
False
Is 14 a factor of 7133?
False
Is 4066 a multiple of 107?
True
Is 18 a factor of 540?
True
Does 77 divide 1216?
False
Is 3 a factor of 34708?
False
Is 9616 a multiple of 16?
True
Is 4872 a multiple of 24?
True
Is 5 a factor of 165?
True
Is 4750 a multiple of 95?
True
Is 196 a factor of 10780?
True
Is 30 a factor of 11433?
False
Does 21 divide 21000?
True
Does 63 divide 5544?
True
Does 5 divide 1595?
True
Is 5975 a multiple of 46?
False
Is 12 a factor of 26040?
True
Is 25 a factor of 497?
False
Is 366 a multiple of 22?
False
Does 10 divide 10080?
True
Is 41 a multiple of 6?
False
Is 1276 a multiple of 11?
True
Does 10 divide 1460?
True
Does 15 divide 1103?
False
Is 22672 a multiple of 13?
True
Is 23 a factor of 3404?
True
Is 7 a factor of 7269?
False
Is 14 a factor of 1358?
True
Does 3 divide 2010?
True
Is 10 a factor of 3460?
True
Is 3 a factor of 292?
False
Is 2346 a multiple of 69?
True
Does 8 divide 27992?
True
Is 759 a multiple of 69?
True
Is 6373 a multiple of 5?
False
Does 4 divide 1380?
True
Is 40 a factor of 762?
False
Is 78 a factor of 1248?
True
Does 11 divide 20724?
True
Is 96 a factor of 1499?
False
Is 11 a factor of 193?
False
Is 5613 a multiple of 10?
False
Is 77 a factor of 1939?
False
Is 30677 a multiple of 39?
False
Is 15088 a multiple of 46?
True
Does 37 divide 6261?
False
Does 4 divide 25440?
True
Is 120106 a multiple of 19?
False
Is 121 a factor of 6600?
False
Is 14520 a multiple of 10?
True
Does 11 divide 2936?
False
Does 104 divide 1913?
False
Does 2 divide 1159?
False
Is 16 a factor of 3216?
True
Is 6773 a multiple of 13?
True
Does 75 divide 2250?
True
Does 3 divide 6704?
False
Is 19 a factor of 2610?
False
Is 8 a factor of 5141?
False
Is 7748 even?
True
Does 19 divide 1292?
True
Is 26 a factor of 650?
True
Is 7 a factor of 27359?
False
Is 80 a factor of 852?
False
Is 9 a factor of 108?
True
Does 19 divide 1433?
False
Is 1316 a multiple of 7?
True
Is 4086 a multiple of 6?
True
Is 8 a factor of 902?
False
Does 4 divide 36489?
False
Does 146 divide 1168?
True
Is 7 a factor of 16338?
True
Is 37 a factor of 43828?
False
Does 13 divide 9717?
False
Is 16 a factor of 384?
True
Is 2824 a multiple of 8?
True
Does 13 divide 815?
False
Is 38 a factor of 5130?
True
Does 68 divide 16845?
False
Is 74 a multiple of 14?
False
Is 16324 a multiple of 72?
False
Does 5 divide 20?
True
Is 88 a factor of 15588?
False
Does 90 divide 1170?
True
Does 46 divide 955?
False
Does 65 divide 650?
True
Is 20 a factor of 940?
True
Does 39 divide 1473?
False
Is 70 a factor of 11417?
False
Is 42609 a multiple of 53?
False
Is 6019 a multiple of 46?
False
Is 4477 a multiple of 121?
True
Is 6122 a multiple of 66?
False
Is 15 a factor of 92295?
True
Is 2 a factor of 18?
True
Is 2414 a multiple of 17?
True
Is 11951 a multiple of 19?
True
Is 5 a factor of 239?
False
Is 12102 a multiple of 69?
False
Does 15 divide 62?
False
Does 81 divide 729?
True
Is 5 a factor of 141?
False
Does 9 divide 4082?
False
Does 45 divide 260?
False
Is 12 a factor of 9273?
False
Is 84 a factor of 47376?
True
Does 69 divide 10143?
True
Does 4 divide 1342?
False
Does 69 divide 20493?
True
Does 11 divide 8416?
False
Is 17 a factor of 170?
True
Is 15 a factor of 28890?
True
Does 13 divide 20722?
True
Is 11400 a multiple of 120?
True
Is 14442 a multiple of 42?
False
Is 7 a factor of 128?
False
Is 11 a factor of 22604?
False
Does 9 divide 88488?
True
Does 49 divide 8898?
False
Is 11 a factor of 2695?
True
Is 14690 a multiple of 113?
True
Is 180 a multiple of 7?
False
Is 7426 a multiple of 73?
False
Is 5124 a multiple of 84?
True
Is 45668 a multiple of 196?
True
Is 9 a factor of 2579?
False
Does 5 divide 200?
True
Is 75 a factor of 2333?
False
Is 21 a factor of 5761?
False
Is 936 a multiple of 9?
True
Does 8 divide 1160?
True
Is 536 a multiple of 95?
False
Is 79 a factor of 384?
False
Is 40 a factor of 2631?
False
Does 98 divide 2482?
False
Is 4 a factor of 71?
False
Is 10080 a multiple of 36?
True
Is 1386 a multiple of 21?
True
Is 53 a factor of 3922?
True
Is 5248 a multiple of 46?
False
Is 24 even?
True
Is 474 a multiple of 70?
False
Is 21 a factor of 2902?
False
Does 29 divide 4495?
True
Does 49 divide 49532?
False
Is 36 a factor of 4572?
True
Is 3976 a multiple of 51?
False
Is 7 a factor of 1286?
False
Is 59440 a multiple of 34?
False
Is 31 a factor of 46?
False
Is 664 a multiple of 72?
False
Does 11 divide 352?
True
Is 3870 a multiple of 30?
True
Does 26 divide 5900?
False
Does 11 divide 2552?
True
Does 63 divide 9462?
False
Does 17 divide 406?
False
Does 14 divide 721?
False
Does 20 divide 667?
False
Does 8 divide 544?
True
Is 5554 a multiple of 21?
False
Is 5806 a multiple of 6?
False
Is 10 a factor of 260?
True
Does 35 divide 753?
False
Is 983 a multiple of 15?
False
Does 73 divide 2953?
False
Is 6 a factor of 402?
True
Is 758 a multiple of 3?
False
Is 60 a factor of 960?
True
Is 1845 a multiple of 15?
True
Is 8 a factor of 129?
False
Is 1311 a multiple of 69?
True
Is 61308 a multiple of 12?
True
Does 35 divide 455?
True
Is 4 a factor of 460?
True
Is 14 a factor of 1647?
False
Is 20 a factor of 567?
False
Does 58 divide 461?
False
Is 20 a factor of 310?
False
Is 74 a factor of 444?
True
Is 94 a multiple of 30?
False
Is 8302 a multiple of 4?
False
Is 63000 a multiple of 105?
True
Is 396 a multiple of 12?
True
Does 17 divide 8959?
True
Is 35154 a multiple of 126?
True
Is 18 a factor of 23094?
True
Is 2952 a multiple of 33?
False
Does 146 divide 14016?
True
Is 36 a factor of 34812?
True
Is 4373 a multiple of 14?
False
Is 190 a multiple of 38?
True
Is 16 a factor of 42326?
False
Is 53725 a multiple of 175?
True
Is 6283 a multiple of 6?
False
Does 118 divide 17818?
True
Is 12 a factor of 28152?
True
Is 6456 a multiple of 24?
True
Does 4 divide 58?
False
Is 137 a multiple of 9?
False
Does 11 divide 7464?
False
Is 6 a factor of 713?
False
Does 72 divide 100728?
True
Is 996 a multiple of 46?
False
Does 6 divide 1002?
True
Is 4 a factor of 1800?
True
Is 58 a factor of 39788?
True
Does 30 divide 450?
True
Is 225 a factor of 18900?
True
Does 58 divide 232?
True
Is 158 a multiple of 3?
False
Does 48 divide 16272?
True
Is 252 a multiple of 4?
True
Is 264 a multiple of 22?
True
Is 38 a factor of 2280?
True
Does 12 divide 49500?
True
Does 125 divide 8375?
True
Is 1578 a multiple of 58?
False
Is 36337 a multiple of 29?
True
Is 690 a multiple of 15?
True
Is 13 a factor of 182?
True
Is 30 a factor of 6100?
False
Does 16 divide 156944?
True
Is 659 a multiple of 21?
False
Is 52 a factor of 9842?
False
Is 36398 a multiple of 65?
False
Is 360 a multiple of 24?
True
Is 122 a factor of 6588?
True
Does 59 divide 45144?
False
Does 20 divide 2906?
False
Is 39 a factor of 5603?
False
Does 184 divide 50416?
True
Is 28 a factor of 30828?
True
Is 3874 a 